{"id":2,"date":"2009-06-13T10:29:22","date_gmt":"2009-06-13T08:29:22","guid":{"rendered":"http:\/\/www.rebekkamoench.de\/?page_id=2"},"modified":"2010-08-20T17:59:50","modified_gmt":"2010-08-20T15:59:50","slug":"about","status":"publish","type":"page","link":"http:\/\/www.rebekkamoench.de\/?page_id=2","title":{"rendered":"CURRICULUM VITAE"},"content":{"rendered":"<p><strong>2001-2008 <\/strong><br \/>\nBauhaus-Universit\u00e4t Weimar ::: Visuelle Kommunikation (Schwerpunkt Fotografie)<br \/>\n<em>Abschlu\u00df Diplom, Pr\u00e4dikat \u00bbsehr gut\u00ab<br \/>\n<\/em><\/p>\n<p><strong>2004-2005<\/strong><br \/>\nKunsth\u00f8gskole Oslo, Norwegen ::: Visuell kommunikasjon (graphic design)<\/p>\n<p><strong>1999-2000<\/strong><br \/>\nSkjeberg fhs., Norway ::: bilde og kommunikasjon (photography)<\/p>\n<p><strong>1993 &#8211; 2001<\/strong><br \/>\nverschiedene Studien, Praktika und Jobs in Jena, Dornach (CH), K\u00f6ln, Greifswald<\/p>\n<p><strong>1981 &#8211; 1993<\/strong><br \/>\nSchule, Abschlu\u00df Abitur<\/p>\n<p>&nbsp;<\/p>\n<p>\n<strong><span style=\"text-decoration: underline;\">AUSSTELLUNGEN<span> <\/span><\/span><\/strong><\/p>\n<p>2009 B SIDE ::: Gruppenausstellung ::: Steubenstr. 31, Weimar<\/p>\n<p>2008 Diplomausstellung \u00bbBild der Frau\u00ab ::: Steubenstr. 31, Weimar<\/p>\n<p>2007 Sein oder Nichtsein. Inszenierte Selbstportraits ::: Limona, Weimar<\/p>\n<p>2005 Mutabor ::: Galerie Seilduken, Oslo \/ Norway<\/p>\n<p>2000 Gruppenausstellung ::: Galeri f15, Moss \/ Norway<\/p>\n","protected":false},"excerpt":{"rendered":"<p>2001-2008 Bauhaus-Universit\u00e4t Weimar ::: Visuelle Kommunikation (Schwerpunkt Fotografie) Abschlu\u00df Diplom, Pr\u00e4dikat \u00bbsehr gut\u00ab 2004-2005 Kunsth\u00f8gskole Oslo, Norwegen ::: Visuell kommunikasjon (graphic design) 1999-2000 Skjeberg fhs., Norway ::: bilde og kommunikasjon (photography) 1993 &#8211; 2001 verschiedene Studien, Praktika und Jobs in Jena, Dornach (CH), K\u00f6ln, Greifswald 1981 &#8211; 1993 Schule, Abschlu\u00df Abitur &nbsp; AUSSTELLUNGEN 2009 B [&hellip;]<\/p>\n","protected":false},"author":1,"featured_media":0,"parent":0,"menu_order":0,"comment_status":"open","ping_status":"open","template":"","meta":[],"_links":{"self":[{"href":"http:\/\/www.rebekkamoench.de\/index.php?rest_route=\/wp\/v2\/pages\/2"}],"collection":[{"href":"http:\/\/www.rebekkamoench.de\/index.php?rest_route=\/wp\/v2\/pages"}],"about":[{"href":"http:\/\/www.rebekkamoench.de\/index.php?rest_route=\/wp\/v2\/types\/page"}],"author":[{"embeddable":true,"href":"http:\/\/www.rebekkamoench.de\/index.php?rest_route=\/wp\/v2\/users\/1"}],"replies":[{"embeddable":true,"href":"http:\/\/www.rebekkamoench.de\/index.php?rest_route=%2Fwp%2Fv2%2Fcomments&post=2"}],"version-history":[{"count":18,"href":"http:\/\/www.rebekkamoench.de\/index.php?rest_route=\/wp\/v2\/pages\/2\/revisions"}],"predecessor-version":[{"id":485,"href":"http:\/\/www.rebekkamoench.de\/index.php?rest_route=\/wp\/v2\/pages\/2\/revisions\/485"}],"wp:attachment":[{"href":"http:\/\/www.rebekkamoench.de\/index.php?rest_route=%2Fwp%2Fv2%2Fmedia&parent=2"}],"curies":[{"name":"wp","href":"https:\/\/api.w.org\/{rel}","templated":true}]}}

<p><strong>2001-2008 </strong><br />
Bauhaus-Universität Weimar ::: Visuelle Kommunikation (Schwerpunkt Fotografie)<br />
<em>Abschluß Diplom, Prädikat »sehr gut«<br />
</em></p>
<p><strong>2004-2005</strong><br />
Kunsthøgskole Oslo, Norwegen ::: Visuell kommunikasjon (graphic design)</p>
<p><strong>1999-2000</strong><br />
Skjeberg fhs., Norway ::: bilde og kommunikasjon (photography)</p>
<p><strong>1993 &#8211; 2001</strong><br />
verschiedene Studien, Praktika und Jobs in Jena, Dornach (CH), Köln, Greifswald</p>
<p><strong>1981 &#8211; 1993</strong><br />
Schule, Abschluß Abitur</p>
<p>&nbsp;</p>
<p>
<strong><span style="text-decoration: underline;">AUSSTELLUNGEN<span> </span></span></strong></p>
<p>2009 B SIDE ::: Gruppenausstellung ::: Steubenstr. 31, Weimar</p>
<p>2008 Diplomausstellung »Bild der Frau« ::: Steubenstr. 31, Weimar</p>
<p>2007 Sein oder Nichtsein. Inszenierte Selbstportraits ::: Limona, Weimar</p>
<p>2005 Mutabor ::: Galerie Seilduken, Oslo / Norway</p>
<p>2000 Gruppenausstellung ::: Galeri f15, Moss / Norway</p>

<p>2001-2008 Bauhaus-Universität Weimar ::: Visuelle Kommunikation (Schwerpunkt Fotografie) Abschluß Diplom, Prädikat »sehr gut« 2004-2005 Kunsthøgskole Oslo, Norwegen ::: Visuell kommunikasjon (graphic design) 1999-2000 Skjeberg fhs., Norway ::: bilde og kommunikasjon (photography) 1993 &#8211; 2001 verschiedene Studien, Praktika und Jobs in Jena, Dornach (CH), Köln, Greifswald 1981 &#8211; 1993 Schule, Abschluß Abitur &nbsp; AUSSTELLUNGEN 2009 B [&hellip;]</p>
